prime factors of 2171539982.
2, 17, 19, 3361517
What are the prime factors of 92140429?
179, 514751
List the prime factors of 161850691.
37, 113, 38711
List the prime factors of 51426873.
3, 23, 82813
What are the prime factors of 32141930?
2, 5, 1373, 2341
List the prime factors of 141277825.
5, 13, 19, 137, 167
What are the prime factors of 136466111?
137, 996103
List the prime factors of 1062160221.
3, 17, 37, 389, 1447
List the prime factors of 1017718872.
2, 3, 17, 149, 16741
What are the prime factors of 863495611?
11, 73, 1075337
List the prime factors of 34831971.
3, 53, 101, 241
List the prime factors of 1107982229.
1107982229
What are the prime factors of 13793240?
2, 5, 19, 18149
List the prime factors of 2699112716.
2, 19, 35514641
List the prime factors of 34291590.
2, 3, 5, 1143053
What are the prime factors of 1851567505?
5, 23, 37, 435151
List the prime factors of 67603676.
2, 7, 2414417
List the prime factors of 1214113748.
2, 303528437
What are the prime factors of 135687923?
7, 19383989
List the prime factors of 71262298.
2, 199, 179051
List the prime factors of 353718142.
2, 73, 2422727
What are the prime factors of 296372674?
2, 13, 11398949
List the prime factors of 1739269377.
3, 2027, 95339
What are the prime factors of 461252406?
2, 3, 4157, 18493
List the prime factors of 139012777.
139012777
List the prime factors of 65478281.
11, 79, 151, 499
List the prime factors of 176168165.
5, 35233633
What are the prime factors of 219551435?
5, 43910287
List the prime factors of 33233798.
2, 13, 31, 41233
What are the prime factors of 375565569?
3, 43, 2911361
List the prime factors of 100278863.
223, 449681
List the prime factors of 498937814.
2, 7481, 33347
What are the prime factors of 3770244284?
2, 942561071
List the prime factors of 244969630.
2, 5, 24496963
What are the prime factors of 85245793?
373, 449, 509
List the prime factors of 4473771759.
3, 497085751
What are the prime factors of 227659664?
2, 103, 138143
List the prime factors of 3009361544.
2, 7, 83, 647453
List the prime factors of 636252513.
3, 13, 71, 229777
What are the prime factors of 238652410?
2, 5, 23865241
List the prime factors of 544787322.
2, 3, 90797887
List the prime factors of 49964015.
5, 19, 525937
List the prime factors of 83730412.
2, 2957, 7079
List the prime factors of 164320971.
3, 2039, 26863
What are the prime factors of 33441481?
61, 548221
List the prime factors of 678020981.
11, 449, 137279
What are the prime factors of 6214368146?
2, 7, 4007, 110777
List the prime factors of 24143632.
2, 1508977
List the prime factors of 3862755870.
2, 3, 5, 128758529
List the prime factors of 1760684652.
2, 3, 48907907
What are the prime factors of 4084329093?
3, 13, 47, 2228221
What are the prime factors of 2262940231?
43, 7001, 7517
List the prime factors of 470834316.
2, 3, 271, 16087
What are the prime factors of 52892046?
2, 3, 419, 7013
List the prime factors of 2400054351.
3, 41, 337, 57901
List the prime factors of 56347800.
2, 3, 5, 93913
What are the prime factors of 43328896?
2, 13, 2003
What are the prime factors of 52367937?
3, 43, 67, 73, 83
What are the prime factors of 655223250?
2, 3, 5, 11, 43, 1847
List the prime factors of 527180557.
17, 1069, 29009
List the prime factors of 42556203.
3, 163, 29009
List the prime factors of 970107864.
2, 3, 11, 43, 97, 881
List the prime factors of 123896647.
7, 2528503
What are the prime factors of 257340456?
2, 3, 61, 19531
List the prime factors of 57928770.
2, 3, 5, 31, 769
List the prime factors of 37974097.
7, 5424871
List the prime factors of 7612223656.
2, 857, 1110301
List the prime factors of 192333841.
7, 27476263
List the prime factors of 42649391.
42649391
List the prime factors of 462975935.
5, 53, 1747079
List the prime factors of 124729182.
2, 3, 31, 223529
List the prime factors of 3665504237.
571, 6419447
What are the prime factors of 1079307661?
1079307661
List the prime factors of 63011230.
2, 5, 107, 58889
List the prime factors of 13222464.
2, 3, 17, 4051
What are the prime factors of 1825114654?
2, 11, 19, 4366303
List the prime factors of 84043144.
2, 47, 83, 2693
List the prime factors of 363304210.
2, 5, 73, 497677
List the prime factors of 105596037.
3, 1619, 7247
List the prime factors of 30787839.
3, 3420871
List the prime factors of 5780557724.
2, 31, 137, 227, 1499
What are the prime factors of 370791695?
5, 47, 59, 569
List the prime factors of 225376578.
2, 3, 7, 59, 61, 71
List the prime factors of 2080873716.
2, 3, 43, 479, 8419
List the prime factors of 432820186.
2, 29, 293, 25469
List the prime factors of 5127605639.
13, 19, 229, 269, 337
List the prime factors of 193599813.
3, 11, 5866661
What are the prime factors of 34577302?
2, 19, 83, 577
What are the prime factors of 2138343644?
2, 1061, 503851
List the prime factors of 101695931.
197, 516223
List the prime factors of 5228237068.
2, 19, 68792593
What are the prime factors of 82110572?
2, 83, 109, 2269
List the prime factors of 10326664.
2, 1093, 1181
List the prime factors of 434765324.
2, 7, 15527333
List the prime factors of 75611936.
2, 2362873
What are the prime factors of 364205227?
43, 8469889
What are the prime factors of 48233296?
2, 3014581
What are the prime factors of 12073706?
2, 17, 355109
List the prime factors of 1721660.
2, 5, 86083
List the prime factors of 48038867.
359, 133813
What are the prime factors of 252252062?
2, 839, 150329
What are the prime factors of 173275242?
2, 3, 7, 4125601
What are the prime factors of 231391686?
2, 3, 43, 896867
List the prime factors of 7410357284.
2, 11, 59, 1559, 1831
List the prime factors of 25665704.
2, 3208213
What are the prime factors of 2649295110?
2, 3, 5, 7, 11, 1146881
What are the prime factors of 523201994?
2, 7, 37371571
What are the prime factors of 180944948?
2, 37, 1222601
List the prime factors of 587962336.
2, 13, 1413371
What are the prime factors of 512828301?
3, 2017, 84751
List the prime factors of 2047605005.
5, 409521001
List the prime factors of 1309525400.
2, 5, 6547627
What are the prime factors of 811429539?
3, 270476513
List the prime factors of 390710475.
3, 5, 29, 59879
List the prime factors of 600514020.
2, 3, 5, 29, 31, 1237
What are the prime factors of 57581765?
5, 23, 587, 853
What are the prime factors of 52137876?
2, 3, 7, 620689
What are the prime factors of 2097487399?
7, 137, 2187161
What are the prime factors of 4185865682?
2, 35521, 58921
List the prime factors of 91911513.
3, 239, 128189
What are the prime factors of 374906194?
2, 13, 163, 88463
What are the prime factors of 61677283?
23, 61, 43961
What are the prime factors of 72929605?
5, 7, 59, 35317
What are the prime factors of 92614413?
3, 4691, 6581
What are the prime factors of 84874289?
84874289
List the prime factors of 134725277.
134725277
List the prime factors of 250140689.
29, 8625541
List the prime factors of 11572938.
2, 3, 13, 19, 137
What are the prime factors of 715621991?
7, 102231713
What are the prime factors of 126431572?
2, 59, 535727
What are the prime factors of 84508644?
2, 3, 11, 499, 1283
List the prime factors of 27139331.
29, 935839
What are the prime factors of 2003888275?
5, 281, 285251
List the prime factors of 65855474.
2, 32927737
List the prime factors of 873619928.
2, 31, 337, 10453
What are the prime factors of 5442066?
2, 3, 7, 4799
List the prime factors of 2672281636.
2, 37, 397, 45481
List the prime factors of 120303750.
2, 3, 5, 7, 4583
List the prime factors of 591667462.
2, 295833731
What are the prime factors of 247936080?
2, 3, 5, 7, 29, 727
List the prime factors of 3943706104.
2, 13, 17, 337, 6619
List the prime factors of 852351549.
3, 7, 23, 509, 3467
What are the prime factors of 131116477?
131116477
What are the prime factors of 28752964?
2, 7188241
What are the prime factors of 72606895?
5, 67, 73, 2969
List the prime factors of 6497530.
2, 5, 13, 151, 331
What are the prime factors of 517185447?
3, 172395149
List the prime factors of 17008673.
11, 433, 3571
List the prime factors of 190453670.
2, 5, 11, 1731397
What are the prime factors of 6230016808?
2, 23, 73, 293, 1583
List the prime factors of 2151800960.
2, 5, 101, 33289
What are the prime factors of 1703869934?
2, 13, 61, 89, 12071
W